11693 composite?
False
Is 158549491 a prime number?
True
Is 4558999 a prime number?
True
Is 5121353 composite?
False
Is 169663447 a composite number?
False
Is 3503653 a composite number?
True
Is 2196347 a composite number?
False
Is 40215317 composite?
True
Is 3883903 composite?
False
Is 10386967 composite?
False
Is 25661717 composite?
False
Is 97021 composite?
False
Is 132150385 a prime number?
False
Is 122893757 composite?
True
Is 79512691 a prime number?
True
Is 287921 prime?
True
Is 4661983 prime?
True
Is 5538943 composite?
False
Is 32563577 composite?
False
Is 55545349 a prime number?
True
Is 109446011 composite?
False
Is 34660727 a composite number?
False
Is 5709283 a prime number?
False
Is 417574 a composite number?
True
Is 11620313 a composite number?
True
Is 765536561 prime?
True
Is 295015531 composite?
True
Is 31291969 prime?
True
Is 30417973 prime?
False
Is 9286673 a prime number?
False
Is 119343049 composite?
True
Is 2073521 a prime number?
True
Is 2154767 prime?
False
Is 1339096177 a prime number?
True
Is 18824027 prime?
True
Is 43114147 a prime number?
True
Is 4825735 a prime number?
False
Is 724861 a composite number?
True
Is 4129595 a prime number?
False
Is 16901537 a prime number?
False
Is 4459141 a composite number?
False
Is 57427289 prime?
True
Is 5336921 a composite number?
True
Is 849083 prime?
True
Is 2188757 composite?
False
Is 42029261 a composite number?
False
Is 18588881 a composite number?
True
Is 215380283 composite?
False
Is 7862267 a composite number?
True
Is 81850267 a prime number?
False
Is 2159881 a composite number?
False
Is 1879543 prime?
True
Is 74597 composite?
False
Is 6478729 a prime number?
True
Is 70734691 a prime number?
False
Is 57192357 prime?
False
Is 541566539 a composite number?
False
Is 78133333 a prime number?
False
Is 6636557 composite?
False
Is 60862859 composite?
False
Is 168989 a composite number?
True
Is 10377481 prime?
False
Is 11616077 a composite number?
True
Is 14884097 prime?
True
Is 251737 a prime number?
True
Is 2167393 prime?
True
Is 2427091 composite?
False
Is 9846905 prime?
False
Is 103658647 composite?
False
Is 18112511 a prime number?
True
Is 1624737 a prime number?
False
Is 6457063 prime?
False
Is 1289363 prime?
True
Is 1384267 a prime number?
False
Is 452373643 a prime number?
True
Is 9344147 prime?
True
Is 87250123 composite?
False
Is 17815561 prime?
True
Is 159236033 a prime number?
False
Is 321165109 a composite number?
False
Is 1015419 a prime number?
False
Is 534739 composite?
False
Is 58523 prime?
False
Is 38500703 composite?
False
Is 34370333 composite?
True
Is 12543449 prime?
True
Is 3413369 a prime number?
False
Is 86917597 a composite number?
True
Is 1271737 prime?
False
Is 106069363 prime?
True
Is 18341117 prime?
True
Is 47449141 a prime number?
False
Is 654565073 composite?
True
Is 67568807 composite?
True
Is 110630365 prime?
False
Is 63221477 prime?
False
Is 299449 a composite number?
True
Is 21273535 a composite number?
True
Is 21380473 prime?
True
Is 50680291 prime?
True
Is 96545301 composite?
True
Is 3020009 a composite number?
True
Is 562663 prime?
True
Is 4615354 a prime number?
False
Is 454667 composite?
True
Is 67843297 a prime number?
True
Is 116203729 prime?
False
Is 10191739 prime?
False
Is 2626567 composite?
False
Is 20944141 prime?
True
Is 44379443 a composite number?
True
Is 7785437 a prime number?
False
Is 17931337 composite?
False
Is 163673329 prime?
True
Is 48041387 prime?
True
Is 25207303 a prime number?
False
Is 11734903 prime?
True
Is 2463871 a composite number?
False
Is 58208557 prime?
False
Is 1464797 prime?
False
Is 1524811 a composite number?
False
Is 4298323 composite?
True
Is 5726465 composite?
True
Is 220323241 a composite number?
True
Is 37831909 prime?
False
Is 235352447 a prime number?
False
Is 50236447 a composite number?
False
Is 1356319 prime?
True
Is 6360663 prime?
False
Is 477703463 a composite number?
True
Is 177422873 a composite number?
True
Is 156454157 composite?
False
Is 137766671 a composite number?
True
Is 9474071 composite?
False
Is 21179791 composite?
False
Is 7527307 composite?
False
Is 21849173 prime?
False
Is 1541482 composite?
True
Is 15590693 composite?
False
Is 70667927 composite?
True
Is 17846813 a composite number?
True
Is 5095877 a composite number?
False
Is 3171929 composite?
True
Is 19794259 composite?
False
Is 3879509 a composite number?
False
Is 12827953 prime?
True
Is 2732959 a prime number?
False
Is 92549807 a composite number?
True
Is 24402277 a prime number?
False
Is 4736411 composite?
True
Is 20813381 composite?
True
Is 11260927 prime?
True
Is 8124613 prime?
False
Is 895508483 composite?
False
Is 734071 a prime number?
False
Is 367069 a prime number?
True
Is 100228039 a composite number?
True
Is 12124661 prime?
True
Is 643664183 a prime number?
False
Is 25435229 a prime number?
True
Is 2093029 a prime number?
True
Is 55783519 prime?
False
Is 93794893 prime?
True
Is 31313641 prime?
True
Is 6926321 a composite number?
False
Is 468429691 composite?
False
Is 134797534 a prime number?
False
Is 3937433 a prime number?
False
Is 7623577 composite?
True
Is 12980029 a composite number?
False
Is 20504129 a composite number?
False
Is 1731799 composite?
True
Is 8617871 a prime number?
True
Is 245313287 a prime number?
True
Is 268661977 composite?
False
Is 21753827 prime?
True
Is 43135259 a composite number?
False
Is 211835663 a composite number?
True
Is 2962343 a composite number?
True
Is 1142411 prime?
False
Is 290183 a prime number?
True
Is 5907745 composite?
True
Is 203761 prime?
True
Is 71439001 a composite number?
True
Is 4787621 prime?
True
Is 25379169 prime?
False
Is 21634082 a prime number?
False
Is 10252637 composite?
False
Is 5135807 prime?
True
Is 55192737 a prime number?
False
Is 714071 a composite number?
True
Is 291336167 a prime number?
False
Is 1621909 a composite number?
False
Is 247364662 a composite number?
True
Is 163252139 composite?
True
Is 26601713 composite?
True
Is 9183121 prime?
True
Is 15062981 a composite number?
True
Is 10873313 composite?
True
Is 7669811 a composite number?
False
Is 769541 a composite number?
False
Is 44351891 composite?
True
Is 58427053 a prime number?
True
Is 14846437 a prime number?
True
Is 63586849 composite?
True
Is 14240663 composite?
False
Is 37833463 composite?
False
Is 2340022285 a prime number?
False
Is 8868631 prime?
True
Is 167409327 a composite number?
True
Is 52340917 a prime number?
True
Is 2995973 prime?
True
Is 2420029 composite?
True
Is 673823833 a composite number?
True
Is 147047 a composite number?
False
Is 7049327 composite?
True
Is 557891 prime?
True
Is 701383 prime?
True
Is 9638539 a composite number?
True
Is 15505979 a prime number?
False
Is 9163919 composite?
True
Is 619341469 a composite number?
False
Is 5800043 a prime number?
False
Is 6513271 a prime number?
False
Is 7322551 a prime number?
True
Is 2836241 a prime number?
True
Is 40409339 composite?
True
Is 7691081 prime?
False
Is 1569481 a composite number?
True
Is 15315149 composite?
False
Is 49000219 composite?
True
Is 93668999 prime?
False
Is 10719889 composite?
False
Is 39276605 prime?
False
Is 103108003 composite?
True
Is 115381793 composite?
False
Is 2621897 a composite number?
False
Is 27339863 a composite number?
False
Is 1767913 a composite number?
True
Is 19980718 composite?
True
Is 387957226 a prime number?
False
Is 568721297 prime?
False
Is 188451793 a prime number?
True
Is 1719698 a composite number?
True
Is 91112531 prime?
True
Is 4730833 a prime number?
False
Is 109493107 composite?
True
Is 1077684835 prime?
False
Is 2716333 a composite number?
False
Is 17455937 a composite number?
False
Is 780953 prime?
True
Is 9252447 prime?
False
Is 17781307 prime?
False
Is 1096523 a prime number?
False
Is 733387 composite?
False
Is 7109821 a prime number?
True
Is 17021987 composite?
False
Is 263869439 a prime number?
True
Is 125625723 a composite number?
True
Is 26518271 prime?
False
Is 36284767 composite?
False
Is 16550549 a composite number?
False
Is 219078019 a composite number?
False
Is 126322369 a composite number?
False
Is 234533209 prime?
True
Is 7411429 a prime number?
True
Is 578211 composite?
True
Is 5141537 composite?
False
Is 3700435 composite?
True
Is 17665619 a prime numb